 be (93*(-4)/24 - 5) + (-6)/(-4). Give k(m).
-19
Suppose 4*k - 326 = -m + 294, -3*m + 166 = k. Suppose -53*b + 111 = -k. Let n(h) = h - 11. Give n(b).
-6
Let p(v) = -v**3 + 4*v**2 + 4*v - 2. Suppose 4*g + 4*o - 76 = 0, 5*g - 3*o = -2*o + 71. Let h(n) = -2*n + 36. Let d be h(23). Let t = d + g. Determine p(t).
-7
Let k(a) be the first derivative of -9*a**4/4 - a + 2. Suppose 0 = -3*j - 82*q + 80*q - 7, 0 = 3*j - 4*q - 23. Give k(j).
-10
Let c(b) = 7*b**2 + 8*b + 12. Suppose 3*r - 22 + 4 = 0. Let t(y) = -13*y**2 - 16*y - 23. Let n(h) = r*t(h) + 11*c(h). Suppose 12 = -3*i + i. Give n(i).
6
Let s = -256 + 117. Let v = s + 126. Let d(z) = -z**2 - 13*z + 5. Determine d(v).
5
Let y(h) = h**2 + 8*h - 6. Let b be ((-212)/6)/(-4 - 44/(-12)). Let i = b + -106. Suppose 5*t - 26 + 71 = i. Give y(t).
3
Let w(y) = -y**3 + 6*y**2 + 17*y + 3. Let m be w(8). Let j = 14 - m. Let f(x) = j*x - 4*x + x**2 - 1 - 2 + 2. Give f(2).
1
Let y(k) = -k**3 + 7*k**2 - k - 1. Let w = 116 + -86. Suppose 10*r = w + 30. Calculate y(r).
29
Suppose 3*b - 184 = h, 3*h + 576 = 4*b - 3*b. Let v = h + 191. Let m(r) = r**2 - 2. What is m(v)?
2
Let g(p) = -3*p**2 + 21*p. Let n(b) = -3*b**2 + 25*b - 2. Let w(s) = 5*g(s) - 4*n(s). What is w(2)?
6
Let w be 24/3*(-9)/12. Let f(k) = 9*k**2 + 3*k - 4. Let s(b) = -11*b**2 - 4*b + 4. Let h(g) = 5*f(g) + 4*s(g). What is h(w)?
38
Let m(u) = 2*u**3 + 2416*u - 2*u**2 - 4822*u - 1 + 2405*u. What is m(-2)?
-23
Let r(q) = -4*q - 5 - 1 - 3 - 4 + 5. Suppose -17*o - 23 = 45. Calculate r(o).
8
Let j(p) = p**2 - 8*p - 1. Let x(y) = -1252*y + 1262. Let a be x(1). Determine j(a).
19
Let j(o) be the first derivative of -o**2 + 48 + 0*o**3 - 3*o - 1/2*o**4. Let w be (1/(-2))/(1/4). Calculate j(w).
17
Let q(c) = 8*c + 183. Suppose 21*j + j = -13*j - 805. Give q(j).
-1
Suppose t - 5*q - 9 = 0, 2*t + 10*q - 12*q + 6 = 0. Let j(u) = -u**2 - 9*u - 43. What is j(t)?
-25
Suppose -2*u + 20 = 3*u. Suppose -2*j + 32 = -u*o, 28 = 4*j + o - 0*o. Let p(q) = -q**2 + 7*q + 1. Give p(j).
-7
Let w(f) = -f**2 + 7*f + 17. Suppose 2*i + 4 = 12*a - 16*a, i = -3*a - 7. What is w(i)?
9
Let g(x) = 6*x + 952971 - 952971. Let l = 24 - 25. What is g(l)?
-6
Let t(j) = 2*j**2 + 74*j - 88. Let m(f) = -f**2 - 40*f + 44. Let l(n) = 13*m(n) + 7*t(n). Give l(-7).
19
Let i(m) = m. Let t(b) = -b + 2. Let g(d) = 6*d - 4. Let f(r) = g(r) + t(r). Let j(w) = f(w) - 4*i(w). What is j(6)?
4
Let b(x) = -x**3 + x + 2. Let q = -1149 + 1147. What is b(q)?
8
Let b(j) be the third derivative of j**7/2520 + j**6/720 - j**5/60 + j**4/24 + 4*j**3 - 216*j**2. Let v(s) be the second derivative of b(s). Determine v(-6).
28
Let a(s) be the second derivative of s**4/12 - 7*s**3/2 + 57*s**2 + 5158*s. Give a(12).
6
Let g be ((-46)/(-4))/(22/44). Suppose g*u - 10*u = 195. Let b(r) = r**3 - 16*r**2 + 14*r + 7. Determine b(u).
-8
Let q(h) = h**2 - 5*h + 6. Suppose 3*t - 17 = -3*s + 7, s = 5*t - 10. Calculate q(t).
0
Let l be (-10)/(-5) + 3*(-21 + 19). Let r(s) = 2*s**2 + 4*s - 7. Calculate r(l).
9
Suppose 4*b + 96 = -4*k + 284, -2*b - 4*k = -104. Let u(a) = 38*a**3 - 2 + 1 - b*a**3. What is u(-1)?
3
Let b(s) = 4400*s**2 + 0 - 4401*s**2 - 6 + 13*s. Calculate b(0).
-6
Let k(g) = 0*g**2 - 8119 - g**2 + 8*g + 4058 + 0*g**2 + 4055. Suppose -5*o + 0*h = 5*h - 10, -4*o - 3*h = -12. Determine k(o).
6
Suppose 0*w - 17 = 5*r - w, -3*r + w - 9 = 0. Let v be (4 + -4)/(-2) - -3. Let f(l) = 8*l - l**v + 8*l - 4*l**2 - 17*l - 3. Give f(r).
1
Let m(r) = 7*r**2 - 4*r - 9*r**2 - 7 + 10 - 2*r**2 + r**2. Determine m(4).
-61
Let z(y) be the second derivative of 1/2*y**2 + 1/4*y**4 + y**3 - 88*y + 0. What is z(-3)?
10
Suppose 5*p + 67 = 87. Let u(x) = x. Let i(z) = 3*z + 5. Let n(w) = -i(w) - 4*u(w). Give n(p).
-33
Let h(l) = -9*l - 18. Let o be 6/(-16) + (-20837)/(-2488). Calculate h(o).
-90
Let c(q) = q**2 - 8*q + 7. Let v be (1/(-2)*-3)/((-9)/480). Let k = -77 - v. Let x be (0 - k)*(-10)/6. Calculate c(x).
-8
Suppose 0 = -9*q + 7*q + 12. Let k(u) = 3*u**3 + 4*u**3 + u - 2*u**3 - q*u**3 + u**2. Suppose 0 = -4*i + 2*x + 6, -4*x = 5*i + 18 - 6. Calculate k(i).
0
Let y(r) = 5*r**3 - 39740 + 39743 + 4*r - 4*r**2 - 3*r**3. Give y(2).
11
Let l(y) = 11*y**2 + 19*y + 15*y**2 + 6*y - 27*y**2 - 76. Let o be l(22). Let f(i) = -i**3 - 10*i**2 - i - 4. Give f(o).
6
Let c(g) be the second derivative of g**3/6 + 2*g**2 - 730*g. What is c(2)?
6
Let s(f) = -f. Let g be (-390)/3*(63/15 - 5). Suppose -105*o - 107 = -g*o. Let l = 106 + o. Give s(l).
1
Let k(m) = -6*m**2 + 5. Suppose -10*j - 20 = -14*j. Let t(r) = 5*r**2 - 5. Let x(g) = j*t(g) + 4*k(g). Suppose -s = h - 3*s + 14, 13 = -2*h + s. Calculate x(h).
11
Let x(v) be the first derivative of v**4/4 + 28*v**3/3 - 29*v**2/2 - 17*v - 6335. Calculate x(-29).
-17
Let w(y) be the third derivative of -1/60*y**5 + 17*y**2 + 0*y + 13/6*y**3 + 1/2*y**4 - 3. What is w(12)?
13
Let h be (24 + 1 - (-784)/(-56)) + (-1 - 6). Let s(w) = 25*w - 89. Determine s(h).
11
Let o = 318 - 518. Let p = o + 199. Let k(b) = 2*b - 2. Calculate k(p).
-4
Let s(m) = 35*m**2 - 1. Let b(h) = h**3 - 4*h**2 - 9*h + 21. Let v be b(5). Suppose 4*f = 4*u - 4, 3*f + 4*u - v = 5*u. Calculate s(f).
34
Let x(q) = 5 + 22*q**2 + q**3 - 30*q**2 - 8 + 13*q. Let u be x(6). Let k(p) = -p**2 + 5*p - 6. What is k(u)?
0
Let u(r) be the second derivative of 43*r**3/6 - 5*r**2 - 2150*r. What is u(-2)?
-96
Let y(z) = 199*z + 121. Let n(p) = -19*p - 12. Let k(w) = 21*n(w) + 2*y(w). Give k(-6).
-4
Suppose 4*j - 396 = -5*n - 131, 4*j - 94 = -2*n. Let u(f) = -n + 3*f + 31 - 2*f + 33. What is u(-5)?
2
Let z be 0/(-3)*(-4)/8. Let c(p) = -11 + z + 385*p - 193*p - 195*p. Determine c(-10).
19
Let a(d) = -57*d - 114. Let v(f) = 11*f + 31. Let y(o) = 2*a(o) + 11*v(o). Give y(-15).
8
Let h(v) be the third derivative of -2 + 0*v - 1/3*v**3 - 2*v**2 - 1/12*v**4. Let d(a) = a - 14. Let b be d(10). Determine h(b).
6
Let u(p) = -p**2 - 15*p + 290. Let s be -3 - (-75*2)/10 - 1. Give u(s).
4
Let m(x) be the first derivative of -x**3/3 - 9*x**2 - 27*x - 420. Determine m(-16).
5
Let k(b) be the second derivative of b**4/12 + b**3 - 3*b**2/2 - 38241*b. Suppose -4*y + 10 = y. Let x = y + -8. Determine k(x).
-3
Let d(j) = -2*j**2 + 3*j + 10. Let t(q) = -3*q**2 + 9*q + 22. Let k(s) = 5*d(s) - 3*t(s). Determine k(-11).
-5
Let g(f) be the third derivative of -f**5/60 + 2*f**4/3 - 16*f**3/3 - 71*f**2 - 10*f. Calculate g(13).
7
Let m(g) = -g**2 + 9*g. Let o be ((-1)/4*-2)/((-20)/(-1080)). Let q(z) = -47*z + 22*z - 3 + 13 + o*z. Let h be q(0). What is m(h)?
-10
Let z = 10769 - 10768. Let b(w) = 6*w + 5. Give b(z).
11
Let v(p) = -2*p + 7*p - 2*p - 92740 + 92764. Give v(-9).
-3
Let y be (-5)/((-90)/(-4)) + (-2360)/(-90). Suppose d + 20 = y. Let a(k) = k + 8. Calculate a(d).
14
Let y = 279 - 280. Let n(t) be the first derivative of t**6/40 + t**5/60 - t**3/6 + 25*t**2/2 + 7. Let d(u) be the second derivative of n(u). What is d(y)?
-3
Let b(g) = 7*g**3 - 25*g**2 + 3*g + 10. Let x(k) = 13*k**3 - 50*k**2 + 7*k + 19. Let u(t) = 7*b(t) - 4*x(t). Let h = -12132 - -12140. What is u(h)?
2
Let y be 4 - 1 - (-4 - 13 - -34). Let n(q) = -2*q**2 - 27*q - 35. Determine n(y).
-49
Suppose 0 = 4*u - 3*z - 0*z - 695, -15 = -5*z. Let o(s) = -3 + 177*s + 1 - 2 + s**2 + s**3 - u*s. What is o(0)?
-4
Let q(v) = 12*v - v + 1 - 11*v - 16*v. Calculate q(-2).
33
Let t(u) = -8*u**2 + 25*u - 3. Let n(w) = -57*w**2 + 180*w - 21. Let x(p) = 4*n(p) - 29*t(p). Give x(3).
24
Suppose -3*n - 10 = -5*s - 14, 4*s - 2*n = -2. Let k(u) = 6*u - 14. Let w(g) = -2*g + 5. Let l(m) = 3*k(m) + 8*w(m). What is l(s)?
0
Let m be ((-20)/14 + 2)*7. Let w be ((m - 1) + -2)*4. Suppose -2*z = -v - 10, -z + w = -3*v - 6. Let l(s) = -2*s**2 + 2*s + 3. What is l(v)?
-9
Let b(y) = 0 - y + 2 - 2 - 1 + 0*y. Let p = 50 - 46. Determine b(p).
-5
Let s(t) = -t**3 + 6*t**2 + 3*t - 4. Let m(g) = -g**2 + 44*g + 144. Let q be m(47). What is s(q)?
32
Let v(s) = -s**3 + 2*s**2 + 35*s + 2. Suppose -2*m + 23 = 5*j, -26 + 64 = 2*j - 4*m. Give v(j).
2
Let r(d) be the first derivative of d**4/4 - 8*d**3/3 + 5*d**2 - 9*d - 1533. Determine r(6).
-21
Let s(j) = -j**2 + 8*j - 3. Let o = 3 - 8. Let v = 4 - o. Let t be (-25)/(-4) + (v/(-12))/3. Give s(t).
9
Let m = 122 + -117. Suppose m = 2*y - 1. Let x(o) = -6*o - 3*o**2 - y + 3*o + 3*o + 2*o. Calculate x(2).
-11
